1248 = h*o, 3*o + 1234 = 4*l. Calculate the highest common divisor of l and 31.
31
Let m be 1*(0 - (-2 + 0)). Suppose -a - 3*j = -234, -5*a + a = -m*j - 922. What is the greatest common divisor of 21 and a?
21
Suppose -6*s - 129 = -273. Calculate the greatest common divisor of s and 56.
8
Let h be (6/4 - 2)*-62. Let z = 1 + h. Suppose 12*p - 10*p - 8 = 0. Calculate the greatest common factor of z and p.
4
Suppose -5*x - 156 = -11*x. Suppose 2*r - 120 + x = 0. Suppose 4*f - 37 - r = 0. What is the highest common factor of f and 14?
7
Suppose 7 = 5*w - y - 13, -y = -4*w + 15. Let c be w + (8 - (-12)/(-3)). What is the greatest common factor of 9 and c?
9
Let m = -1903 + 1921. Calculate the highest common divisor of 3258 and m.
18
Let b(p) = -p**3 + 2*p**2 + 2*p - 1. Let a be b(-2). Let q = a + -7. Let f = 18 + q. Calculate the highest common divisor of f and 11.
11
Suppose 164*g = 158*g + 2700. Calculate the highest common divisor of 750 and g.
150
Suppose 5*j - 57 = 163. Suppose 3*p + 8 - j = 0. Suppose 0 = -6*c + c + 660. What is the greatest common divisor of p and c?
12
Suppose 0 = -2*v + 10, -769 = -5*n + 5*v + 81. Suppose 3*a + 2*f = 83, a - 60*f = -58*f + 17. What is the highest common factor of n and a?
25
Suppose 0 = 5*w - 2*w - 63. Let k(o) = o**3 + 5*o**2 + 3*o + 5. Let z be k(-5). Let t be (28/z)/(16/(-80)). Calculate the highest common divisor of w and t.
7
Suppose 20*w - 4104 = 8*w. What is the highest common factor of w and 38?
38
Suppose 18 = m - 0*q - 4*q, -2*m - 4 = 2*q. Suppose 9*o = m*o + 154. Suppose -3*c + 12 = -21. What is the greatest common factor of c and o?
11
Let l be 27/3 + 20601/21. What is the highest common factor of 44 and l?
22
Let n(z) = -6*z - 80. Let h be n(-20). What is the highest common divisor of 32 and h?
8
Let x be (20/(-15))/(4/(-6)). Let n = 43 - 28. Let g be (-6)/n + 84/35. What is the greatest common factor of x and g?
2
Let v = 24 - -2. Let q be -6 + ((-12)/28 - 2544/(-56)). What is the greatest common divisor of v and q?
13
Let v(s) = -s**3 - s**2 + 6*s - 2. Let o be v(-3). Let x be 0 + 1 - 4/o. What is the greatest common divisor of 21 and x?
3
Let v = 10 - 6. Suppose 0 = -o + v*o - 21. Suppose -2*l - o = -107. Calculate the highest common factor of l and 10.
10
Let a be ((-189)/18)/(-3)*(17 + -3). Calculate the highest common divisor of 217 and a.
7
Let k be 1 + 50 - 1/(2/(-6)). Calculate the highest common factor of k and 648.
54
Suppose -5*n = -343 - 1897. Calculate the highest common divisor of 28 and n.
28
Let x be 1 - (-218 + 6)/4. What is the greatest common divisor of 54 and x?
54
Let i(g) = g**2 + 12*g + 4. Suppose -2*b - 5*k = -0*k + 24, -2*b + k - 24 = 0. Let x be i(b). Calculate the greatest common factor of 32 and x.
4
Suppose t + 2*t = n + 32, 0 = -3*t + 5*n + 40. Suppose -t*p + 180 = -8*p. Suppose p = 2*b - 70. What is the highest common factor of b and 32?
16
Suppose -u - 251 = -c + 615, 4312 = 5*c + 4*u. What is the highest common factor of 192 and c?
96
Suppose -17 = -2*q + q. Suppose -19 = -f - 7*a + 5*a, -3*a + 71 = 4*f. What is the highest common factor of q and f?
17
Let i be (5 - 1) + (-96)/(-3). Let l be 4/(-18) - (-160)/(-9). Let c(a) = -a**2 - 18*a + 4. Let b be c(l). What is the greatest common divisor of b and i?
4
Let g(z) = 799*z - 3 + 0 - 801*z. Suppose 0 = 5*m - 5*i, 3*m - i - 3*i = 5. Let d be g(m). Calculate the highest common divisor of d and 77.
7
Suppose -5*s + 0*s + 25 = 0, 5*a + 2*s - 40 = 0. Suppose -4*u + 7*f = 4*f - 25, 5*u + 5*f = 5. Calculate the highest common factor of u and a.
2
Let z(w) = -w + 1. Suppose -5*s = 5*r + 35, -s = -5*r - 4*s - 33. Let y be z(r). Calculate the greatest common divisor of 7 and y.
7
Let s(h) = h**3 - 16*h**2 - 28*h - 56. Let a be s(19). What is the highest common factor of 225 and a?
45
Let f be -2*(1 + 0) - -30. Let h(m) = -5*m - 54. Let b be h(-13). Suppose -b*o + 1514 = 282. What is the greatest common factor of f and o?
28
Suppose -2*c - 2*c + 20 = 0. Let o(k) = -2*k + 4*k + c + 2*k. Let b be o(10). Calculate the highest common factor of b and 15.
15
Let s be 56 + -6 + (-50)/(-5). What is the greatest common divisor of s and 140?
20
Let q(i) = i**3 + 9*i**2 - 9*i + 14. Let y be q(-10). Suppose -f + 421 = 4*g, -g - y*g + 523 = -2*f. Calculate the highest common divisor of 70 and g.
35
Suppose 0 = -4*h + 3*h + 3. Let j(b) = 234*b**2 - 7*b + 6. Let q be j(1). Let t = 266 - q. What is the greatest common factor of t and h?
3
Let z be ((-594)/21)/((-3)/21). What is the highest common divisor of 9 and z?
9
Suppose 36 = -20*p + 14*p. Let k be (10 + -2)/((-4)/p). What is the highest common divisor of 192 and k?
12
Let l be -4*1176/(-96) - (1 - 0). Calculate the highest common divisor of 300 and l.
12
Let w = -15 + -5. Let q be 36*(2 - w/8). What is the greatest common factor of q and 18?
18
Suppose 0*k + 5*k = 25. Suppose -3*c = -2*g + 10, -10 = 2*c - g - g. Suppose -3*x + 102 + 63 = c. What is the greatest common divisor of x and k?
5
Let y be (-3)/21 - (4 + 396/(-28)). Calculate the greatest common factor of y and 110.
10
Suppose 3*s - 17 = 7. Suppose 0 = 4*w - 4*d - 80, 3*w - d - 50 = 18. Calculate the greatest common divisor of w and s.
8
Let j be ((-20)/(-6))/(((-76)/30)/(-19)). What is the highest common factor of j and 275?
25
Suppose -3*y - k + 66 = -19, 2*k = -10. What is the greatest common divisor of y and 120?
30
Let i(v) = v**2 - 8*v - 28. Let j be i(17). What is the highest common factor of j and 100?
25
Suppose 3*h = 2*h + 55. Let w = -10 - -15. Suppose -w*u + 22 + 3 = 0. Calculate the greatest common divisor of h and u.
5
Let h = -46 + 136. Suppose -4*q + 110 = -70. Calculate the greatest common divisor of h and q.
45
Suppose -3*y = -4*a + 31, -a + 5 - 1 = 3*y. What is the greatest common divisor of 35 and a?
7
Let r = 108 - 57. Suppose -4*p + 2*c = 7*c - r, 2*p + 4*c = 24. Calculate the greatest common divisor of p and 14.
14
Let q(p) = -p**2 - 17*p + 7. Let b be q(-13). Let x = 73 - b. Calculate the highest common divisor of x and 2.
2
Suppose 2*u + 2009 = 51*u. What is the highest common factor of u and 1107?
41
Let j(n) = -n**3 + 29*n**2 + 14*n - 35. Let v be j(29). Calculate the greatest common divisor of 53 and v.
53
Suppose -3*h + 4*c = -25, -6*h + 4*c + 28 = -2*h. Suppose -118 = -h*i + 77. Let z = -84 + 110. What is the greatest common factor of i and z?
13
Let d be 19*(0 - -1) + -3. Suppose x - 288 = -2*x. Suppose 0 = -3*z + 4*f + 96, -3*z = -0*f + f - x. Calculate the greatest common divisor of z and d.
16
Let a(f) = -74 + 209 - f - 47 + f**2. Let s be a(0). What is the greatest common divisor of 66 and s?
22
Let d = 17 + -15. Let t be (3 + 3)/3*d. What is the greatest common factor of 44 and t?
4
Let f = -140 - -69. Let l be f/(-1) + (-6 - -5). Suppose -u = 3*u + 4*i - 96, -3*u + l = 5*i. Calculate the greatest common divisor of 175 and u.
25
Let z be 405 + ((-2)/6*0)/2. Suppose -z = -5*f + 2*f. What is the greatest common divisor of 5 and f?
5
Let c = -4076 - -7119. Calculate the greatest common factor of c and 17.
17
Let p be 5 - 1/((-4)/20). What is the greatest common divisor of 1790 and p?
10
Suppose -2*x = 4*x - 1098. Let o = x - 50. What is the highest common divisor of 19 and o?
19
Let t be (-3325)/(-150) + -22 + 209/6. Calculate the highest common divisor of t and 1190.
35
Suppose 57 = 3*m - 5*q, 5*m - q = 45 + 28. Let p = 76 - 88. Let g be (-614)/(-6) + p/36 + -4. What is the greatest common divisor of g and m?
14
Let i = -830 - -847. What is the greatest common divisor of i and 1088?
17
Suppose 5*o = 6*o - 118. Suppose -3*g + 4*i + 288 = 2*g, -3*i - o = -2*g. What is the highest common factor of 8 and g?
8
Let l(d) = d**3 + 13*d**2 + 12*d + 6. Let r be l(-5). Suppose 8*b = 482 - r. Calculate the highest common factor of 105 and b.
21
Suppose 0 = 2*p - 1 - 3. Suppose 4*c = p*c + 48. Suppose 95 + 289 = 4*r. What is the highest common divisor of r and c?
24
Let p be 10/(-8)*(-1 - 71). Suppose 3*o + 3*h = 444, -5*o + 7*h - 2*h + 760 = 0. Suppose -3*a - 2*a = -o. Calculate the highest common divisor of a and p.
30
Suppose -70*i + 78*i - 592 = 0. What is the highest common divisor of i and 703?
37
Suppose -2*n + 2*b + 65 = 5*b, -138 = -4*n + 2*b. What is the greatest common divisor of 102 an